 7) to base 15.
-918
Convert a698 (base 14) to base 7.
146551
Convert 3426 (base 8) to base 2.
11100010110
-6021 (base 13) to base 9
-20106
What is -2bb01 (base 12) in base 9?
-104121
What is 1122021 (base 3) in base 15?
54a
What is -916d (base 15) in base 7?
-155341
a58 (base 11) to base 10
1273
5442 (base 10) to base 14
1daa
-10020 (base 4) to base 6
-1120
-1027 (base 12) to base 8
-3337
What is -1406 (base 15) in base 2?
-1000010111001
Convert -1cd3 (base 15) to base 14.
-2401
Convert -3333313 (base 5) to base 11.
-40018
Convert -10992 (base 10) to base 11.
-8293
What is -683 (base 9) in base 14?
-2c1
-12026 (base 7) to base 10
-3107
263 (base 7) to base 8
217
What is 7069 (base 11) in base 14?
35cc
1b1 (base 15) to base 9
474
Convert 5b8b (base 14) to base 12.
9313
What is 2202 (base 10) in base 3?
10000120
Convert -1b31 (base 14) to base 10.
-4943
Convert -1bb69 (base 12) to base 15.
-c409
202323 (base 4) to base 15
9e0
1a1a4 (base 11) to base 7
145114
-2c1 (base 14) to base 2
-1000110001
Convert -60466 (base 8) to base 7.
-132361
What is -1111111100 (base 2) in base 13?
-606
What is -3368 (base 9) in base 3?
-10102022
Convert -1001000010111010 (base 2) to base 14.
-d706
1011001111010 (base 2) to base 12
33b6
Convert -24632 (base 9) to base 11.
-11489
-47264 (base 10) to base 15
-e00e
Convert 232 (base 9) to base 14.
d9
346 (base 8) to base 9
275
10338 (base 13) to base 4
13012323
-906 (base 13) to base 2
-10111110111
What is 273 (base 15) in base 12?
3a6
What is -558 (base 12) in base 9?
-1065
-948 (base 10) to base 5
-12243
Convert 256 (base 9) to base 10.
213
Convert 38fe (base 16) to base 13.
6844
1451 (base 9) to base 6
5031
Convert 49a (base 11) to base 8.
1121
What is -311033 (base 4) in base 6?
-23435
-2630 (base 12) to base 15
-1456
Convert -10161 (base 8) to base 3.
-12202220
3143 (base 5) to base 15
1d3
What is -204440 (base 6) in base 15?
-4da9
Convert 5235 (base 8) to base 5.
41332
What is 1001110000010 (base 2) in base 12?
2a82
-5425 (base 9) to base 11
-2aaa
11410 (base 8) to base 16
1308
37 (base 10) to base 2
100101
-114 (base 15) to base 8
-364
Convert 2121010 (base 3) to base 2.
11101100101
Convert -7751 (base 11) to base 5.
-311340
Convert 1121 (base 16) to base 10.
4385
What is -533 (base 8) in base 6?
-1335
What is 12733 (base 9) in base 13?
3bca
634 (base 7) to base 4
10333
What is 2100 (base 4) in base 9?
170
3216 (base 10) to base 16
c90
What is -139 (base 12) in base 15?
-c9
Convert -404 (base 14) to base 13.
-488
What is -dc (base 15) in base 4?
-3033
Convert -683 (base 10) to base 12.
-48b
Convert -203222 (base 4) to base 6.
-14322
Convert -21434 (base 7) to base 2.
-1010011110110
-101100001 (base 2) to base 16
-161
Convert -21132 (base 4) to base 3.
-211110
-775 (base 11) to base 2
-1110100001
141230 (base 5) to base 14
2195
What is -3220 (base 4) in base 3?
-22121
Convert 14123 (base 6) to base 5.
32321
Convert -4270 (base 8) to base 15.
-9dc
Convert 2191 (base 12) to base 16.
e7d
Convert 1301421 (base 5) to base 6.
312500
-660 (base 15) to base 7
-4125
Convert -10316 (base 8) to base 14.
-17d4
Convert 13036 (base 12) to base 11.
18562
Convert 12161 (base 13) to base 8.
100663
What is -576 (base 8) in base 4?
-11332
36604 (base 7) to base 16
2557
What is 10022012 (base 3) in base 14?
c40
What is -11214 (base 7) in base 4?
-230211
7a0 (base 15) to base 3
2100220
95 (base 16) to base 10
149
110010001 (base 2) to base 5
3101
What is 2013 (base 6) in base 4?
12321
Convert 2868 (base 15) to base 3.
102212022
-23442 (base 7) to base 14
-22c9
2349 (base 11) to base 4
300012
What is -12403 (base 7) in base 14?
-12aa
Convert c598 (base 13) to base 7.
142456
Convert -12221 (base 5) to base 6.
-4200
138 (base 16) to base 9
376
-a408 (base 11) to base 8
-32752
1300112 (base 4) to base 6
53142
What is -101011001111 (base 2) in base 5?
-42032
Convert 16601 (base 8) to base 16.
1d81
What is 992 (base 15) in base 16?
872
What is 230 (base 16) in base 13?
341
What is -255001 (base 6) in base 11?
-16402
Convert 30201 (base 4) to base 10.
801
Convert -75 (base 9) to base 14.
-4c
Convert 712 (base 8) to base 4.
13022
What is -12130210 (base 4) in base 5?
-1321104
What is 10321 (base 4) in base 13?
1b1
What is 111001101 (base 2) in base 10?
461
6d (base 14) to base 16
61
What is 8dc (base 16) in base 13?
1056
Convert -2828 (base 12) to base 6.
-33252
141202 (base 6) to base 7
53426
Convert 2345 (base 7) to base 6.
4002
What is -c4c (base 16) in base 11?
-2402
What is 21547 (base 8) in base 12?
52b3
Convert -2176 (base 9) to base 15.
-723
4565 (base 15) to base 8
34600
-14142 (base 8) to base 7
-24125
-1011 (base 10) to base 7
-2643
-c5e1 (base 15) to base 10
-41836
Convert -1100011001011100 (base 2) to base 7.
-301022
Convert -9045 (base 10) to base 15.
-2a30
33002112 (base 4) to base 16
f096
-10212 (base 4) to base 15
-149
What is 2121011 (base 4) in base 2?
10011001000101
What is -224 (base 15) in base 5?
-3414
-987 (base 10) to base 7
-2610
11206 (base 7) to base 13
13b1
-110c (base 13) to base 9
-3232
10010000010110 (base 2) to base 13
4288
What is -2277 (base 9) in base 14?
-88a
What is 4628 (base 13) in base 16?
266c
Convert -1212 (base 6) to base 3.
-101222
Convert -17 (base 9) to base 14.
-12
-51543 (base 7) to base 8
-30520
-267 (base 10) to base 4
-10023
-74a (base 12) to base 14
-562
Convert -1221222122 (base 3) to base 15.
-b6a2
Convert 274 (base 9) to base 5.
1404
Convert 10001100 (base 3) to base 9.
3040
What is -4252 (base 11) in base 2?
-1010111110111
What is 493c (base 14) in base 4?
3013322
14270 (base 9) to base 16
25e6
-43236 (base 7) to base 16
-2a06
Convert -14a60 (base 11) to base 2.
-101001011111001
2808 (base 9) to base 13
c68
What is 10263 (base 9) in base 2?
1101001111100
Convert 312331 (base 5) to base 13.
4926
-5668 (base 10) to base 11
-4293
Convert 1214411 (base 5) to base 6.
254550
-20110103 (base 4) to base 3
-1201201202
-3404 (base 9) to base 13
-11b6
What is 24e0 (base 16) in base 14?
3624
What is -48830 (base 10) in base 14?
-13b1c
Convert -817 (base 9) to base 4.
-22120
1021 (base 7) to base 6
1354
Convert -3634 (base 7) to base 15.
-5ed
-189a (base 11) to base 8
-4550
Convert -485 (base 14) to base 5.
-12101
Convert 6 (base 13) to base 14.
6
What is 1572 (base 10) in base 14?
804
What is 92 (base 14) in base 6?
332
-635 (base 13) to base 10
-1058
What is c67 (base 14) in base 16?
98b
-2b7d (base 14) to base 10
-7755
-3185 (base 10) to base 15
-e25
What is 293 (base 13) in base 5?
3313
1021 (base 10) to base 3
1101211
1001111011 (base 2) to base 9
775
Convert 2636 (base 14) to base 15.
1ec7
What is 160 (base 9) in base 6?
343
What is 406 (base 13) in base 7?
1663
What is 590 (base 11) in base 4?
23000
-539 (base 14) to base 5
-13111
-2010320 (base 4) to base 12
-4b08
313 (base 11) to base 15
1a2
Convert -264d (base 16) to base 9.
-14404
Convert 5425 (base 7) to base 5.
30210
11112 (base 3) to base 2
1111010
Convert 391 (base 13) to base 16.
271
What is 3223332 (base 4) in base 11?
1038a
-5736 (base 9) to base 11
-320a
-397 (base 10) to base 7
-1105
-758 (base 12) to base 14
-56c
Convert -7492 (base 15) to base 8.
-60126
52301 (base 6) to base 2
1101101101101
What is -11110000001 (base 2) in base 10?
-1921
What is -100011110101000 (base 2) in base 7?
-104324
-211202 (base 8) to base 12
-34802
What is 2b0 (base 14) in base 16?
222
What is 21054 (base 13) in base 8?
163774
3224 (base 5) to base 9
537
What is -3838 (base 9) in base 13?
-13ca
17776 (base 9) to base 4
3000030
What is -1010110010000110 (base 2) in base 6?
-540250
What is 21103 (base 4) in base 13?
36a
Convert -10111010000 (base 2) to base 14.
-784
1705 (base 9) to base 15
5bb
What is 30c2 (base 13) in base 10?
6749
8b58 (base 13) to base 14
7176
What is 109a (base 12) in base 13?
ac0
-93ca (base 16) to base 13
-142b4
What is -3b2 (base 12) in base 11?
-475
Convert -322233 (base 4) to base 14.
-1527
-723 (base 15) to base 4
-121020
Convert 11551 (base 7) to base 11.
2300
What is 1817 (base 11) in base 7?
6520
Convert -403b (base 12) to base 2.
-1101100101111
21112122 (base 3) to base 2
1010101111010
-91 (base 16) to base 4
-2101
What is -3303 (base 4) in base 10?
-243
Convert -8195 (base 16) to base 2.
-1000000110010101
967 (base